{"id":48,"date":"2023-09-20T16:37:25","date_gmt":"2023-09-20T14:37:25","guid":{"rendered":"https:\/\/guide-connect.com\/?page_id=48"},"modified":"2023-09-20T16:37:26","modified_gmt":"2023-09-20T14:37:26","slug":"mentions-legales","status":"publish","type":"page","link":"https:\/\/guide-connect.com\/index.php\/mentions-legales\/","title":{"rendered":"Mentions l\u00e9gales"},"content":{"rendered":"\n<div style=\"height:100px\" aria-hidden=\"true\" class=\"wp-block-spacer\"><\/div>\n\n\n\n<p><em>\u00ab En vertu de l&rsquo;article 6 de la loi n\u00b0 2004-575 du 21 juin 2004 pour la confiance dans l&rsquo;\u00e9conomie num\u00e9rique, nous vous informons que les soci\u00e9t\u00e9s <strong>IMMERSIV3D<\/strong> et <strong>KIDIWE<\/strong> mettent \u00e0 disposition du public les informations l\u00e9gales suivantes. \u00bb<\/em><\/p>\n\n\n\n<h3 class=\"wp-block-heading\">\u00c9diteur du site:<\/h3>\n\n\n\n<p>[Nom de l&rsquo;entreprise ou de l&rsquo;organisation] [Adresse] [Num\u00e9ro de t\u00e9l\u00e9phone] [Adresse e-mail] [Num\u00e9ro d&rsquo;immatriculation au registre du commerce et des soci\u00e9t\u00e9s (RCS) ou au r\u00e9pertoire des m\u00e9tiers (RM)]<\/p>\n\n\n\n<h3 class=\"wp-block-heading\">Directeur de la publication:<\/h3>\n\n\n\n<p>\u00c9ric PRADOS, co-g\u00e9rant de IMMERSIV3D<\/p>\n\n\n\n<h3 class=\"wp-block-heading\">H\u00e9bergeur du site:<\/h3>\n\n\n\n<p>[Nom de l&rsquo;h\u00e9bergeur] [Adresse] [Num\u00e9ro de t\u00e9l\u00e9phone] [Adresse e-mail]<\/p>\n\n\n\n<h3 class=\"wp-block-heading\">Propri\u00e9t\u00e9 intellectuelle:<\/h3>\n\n\n\n<p>Le contenu du site (textes, images, vid\u00e9os, etc.) est la propri\u00e9t\u00e9 de IMMERSIV3D ou KIDIWE ou de ses partenaires et est prot\u00e9g\u00e9 par les lois fran\u00e7aises et internationales sur la propri\u00e9t\u00e9 intellectuelle.<\/p>\n\n\n\n<h3 class=\"wp-block-heading\">Collecte et utilisation des donn\u00e9es personnelles:<\/h3>\n\n\n\n<p>Les donn\u00e9es personnelles des utilisateurs ne sont pas collect\u00e9es.<\/p>\n\n\n\n<h3 class=\"wp-block-heading\">Cookies:<\/h3>\n\n\n\n<p>Des cookies peuvent \u00eatre d\u00e9pos\u00e9s sur le navigateur des utilisateurs afin de faciliter leur navigation sur le site. Les utilisateurs peuvent configurer leur navigateur pour refuser les cookies.<\/p>\n\n\n\n<h3 class=\"wp-block-heading\">Liens hypertextes:<\/h3>\n\n\n\n<p>Le site peut contenir des liens hypertextes vers d&rsquo;autres sites internet. <strong>Immersiv3D et KIDIWE<\/strong> d\u00e9cline toute responsabilit\u00e9 quant au contenu de ces sites.<\/p>\n\n\n\n<h3 class=\"wp-block-heading\">Responsabilit\u00e9:<\/h3>\n\n\n\n<p><strong>Immersiv3D et KIDIWE<\/strong> d\u00e9clinent toute responsabilit\u00e9 en cas de dommages directs ou indirects caus\u00e9s par l&rsquo;utilisation du site ou des informations qu&rsquo;il contient.<\/p>\n\n\n\n<h3 class=\"wp-block-heading\">Loi applicable et juridiction comp\u00e9tente:<\/h3>\n\n\n\n<p>Les pr\u00e9sentes mentions l\u00e9gales sont soumises au droit fran\u00e7ais. Tout litige relatif au site et\/ou \u00e0 l&rsquo;utilisation de celui-ci sera soumis \u00e0 la comp\u00e9tence exclusive des tribunaux fran\u00e7ais.<\/p>\n\n\n\n<div style=\"height:100px\" aria-hidden=\"true\" class=\"wp-block-spacer\"><\/div>\n","protected":false},"excerpt":{"rendered":"<p>\u00ab En vertu de l&rsquo;article 6 de la loi n\u00b0 2004-575 du 21 juin 2004 pour la confiance dans l&rsquo;\u00e9conomie num\u00e9rique, nous vous informons que les soci\u00e9t\u00e9s IMMERSIV3D et KIDIWE mettent \u00e0 disposition du public les informations l\u00e9gales suivantes. \u00bb \u00c9diteur du site: [Nom de l&rsquo;entreprise ou de l&rsquo;organisation] [Adresse] [Num\u00e9ro de t\u00e9l\u00e9phone] [Adresse e-mail]&hellip;&nbsp;<a href=\"https:\/\/guide-connect.com\/index.php\/mentions-legales\/\" class=\"\" rel=\"bookmark\">Lire la suite &raquo;<span class=\"screen-reader-text\">Mentions l\u00e9gales<\/span><\/a><\/p>\n","protected":false},"author":1,"featured_media":0,"parent":0,"menu_order":0,"comment_status":"closed","ping_status":"closed","template":"","meta":{"advgb_blocks_editor_width":"","advgb_blocks_columns_visual_guide":"","neve_meta_sidebar":"","neve_meta_container":"","neve_meta_enable_content_width":"","neve_meta_content_width":0,"neve_meta_title_alignment":"","neve_meta_author_avatar":"","neve_post_elements_order":"","neve_meta_disable_header":"","neve_meta_disable_footer":"","neve_meta_disable_title":"","_themeisle_gutenberg_block_has_review":false,"footnotes":""},"class_list":["post-48","page","type-page","status-publish","hentry"],"coauthors":[],"author_meta":{"author_link":"https:\/\/guide-connect.com\/index.php\/author\/admin5435\/","display_name":"admin5435"},"relative_dates":{"created":"Publi\u00e9 3 ans il y a","modified":"Mis \u00e0 jour 3 ans il y a"},"absolute_dates":{"created":"Publi\u00e9 le 20 septembre 2023","modified":"Mise \u00e0 jour le 20 septembre 2023"},"absolute_dates_time":{"created":"Publi\u00e9 le 20 septembre 2023 16h37","modified":"Mise \u00e0 jour le 20 septembre 2023 16h37"},"featured_img_caption":"","featured_img":false,"series_order":"","_links":{"self":[{"href":"https:\/\/guide-connect.com\/index.php\/wp-json\/wp\/v2\/pages\/48","targetHints":{"allow":["GET"]}}],"collection":[{"href":"https:\/\/guide-connect.com\/index.php\/wp-json\/wp\/v2\/pages"}],"about":[{"href":"https:\/\/guide-connect.com\/index.php\/wp-json\/wp\/v2\/types\/page"}],"author":[{"embeddable":true,"href":"https:\/\/guide-connect.com\/index.php\/wp-json\/wp\/v2\/users\/1"}],"replies":[{"embeddable":true,"href":"https:\/\/guide-connect.com\/index.php\/wp-json\/wp\/v2\/comments?post=48"}],"version-history":[{"count":1,"href":"https:\/\/guide-connect.com\/index.php\/wp-json\/wp\/v2\/pages\/48\/revisions"}],"predecessor-version":[{"id":49,"href":"https:\/\/guide-connect.com\/index.php\/wp-json\/wp\/v2\/pages\/48\/revisions\/49"}],"wp:attachment":[{"href":"https:\/\/guide-connect.com\/index.php\/wp-json\/wp\/v2\/media?parent=48"}],"curies":[{"name":"wp","href":"https:\/\/api.w.org\/{rel}","templated":true}]}}